*-2. Suppose g*f + 6 = 66. Is f a prime number?
False
Let p(d) be the first derivative of 7*d**2/2 + 9*d - 1. Is p(7) a composite number?
True
Let w = -32 - -54. Suppose -3*c + w = -5*c + 4*v, -5*v + 21 = -2*c. Is 5/10*(-1 - c) prime?
False
Let s = -38 - -69. Let r = s + 80. Is r composite?
True
Suppose 0 = 5*r - 1196 - 344. Suppose 0 = -c - 3*c + r. Is c a prime number?
False
Let f = 3 - -13. Let y = f + -6. Is (-34)/(-10) + (-4)/y composite?
False
Let o(d) be the third derivative of -17*d**4/24 - 13*d**3/6 - 4*d**2. Is o(-12) a composite number?
False
Let h = -3 - -5. Let x(w) = -7*w + 3 - 5*w**2 + 6*w**2 + h*w. Is x(9) composite?
True
Let v = 4 + 0. Suppose -v*h + 3*h = 15. Let y = h - -26. Is y a prime number?
True
Let c = -3 + 8. Suppose c*k = 3*y - 55 - 15, y = -3*k. Is y composite?
True
Suppose -12 = -4*g + 12. Let v(q) = 6*q - 5. Is v(g) a composite number?
False
Let v(q) = q**3 - 7*q**2 - 8*q + 3. Let a be v(8). Suppose 2*i = 3*t + a*i - 381, i = -2*t + 254. Is t composite?
False
Suppose -5*m - 143 + 538 = 0. Is m prime?
True
Is (396 - (-12)/(-4))/((-6)/(-4)) a composite number?
True
Let z(l) = l**3 - l**2. Let y be z(2). Let a be (0/(-2))/(-1) + 2. Suppose 3*t - 127 = -4*r, r - a*t - 33 = -y*t. Is r composite?
False
Suppose -3*w + 16 = 2*b + w, 2*b - 10 = -2*w. Suppose -b*o = 3*y - 92, -o + 46 = -0*y - 3*y. Is o a composite number?
True
Let o(g) = 13*g**2 + g. Let b be ((-2)/6)/((-2)/(-6)). Let w be o(b). Suppose 2*i - w = 8. Is i a prime number?
False
Let x(p) = 3*p**2 + 3*p + 1. Is x(-4) composite?
False
Suppose 9 = 5*g - 1. Is (-3230)/57*(-3)/g a prime number?
False
Suppose 0 = 4*q - 276 - 276. Suppose 0 = -5*b + 45 + 410. Suppose -6*c - 2*j = -2*c - q, 3*c - b = -4*j. Is c composite?
False
Let y = -4 - -7. Suppose 3*d = -d - 4*j - 20, -y*d + 3 = -3*j. Is -6*(d/(-4) + -1) composite?
False
Let v(c) be the second derivative of c**5/10 - 7*c**4/24 - c**3/2 - c. Let g(q) be the second derivative of v(q). Is g(6) prime?
False
Let n be ((-5)/(-2))/(7/98). Suppose 0 = -5*t - 25, 4*j = j + 4*t + n. Suppose j*o - 524 = o. Is o composite?
False
Suppose -5*l + 3*a = -140, 2*l - 119 = -2*l + a. Suppose d + 2*d - 69 = -3*o, -d - 3*o + l = 0. Is d a composite number?
False
Suppose 0*q = -q - 35. Let j = -21 - q. Is j composite?
True
Suppose 5*a + 3533 = 5*y + 11213, 4*a - 6149 = 5*y. Is a a prime number?
True
Suppose 2*o - 1035 = q + 468, 3*q + 3 = 0. Is o prime?
True
Let q(i) = -2*i**3 - 7*i**2 - 4*i + 29. Is q(-14) a prime number?
True
Suppose -5*r - 1183 = -4*d, -5*r + 2*d = -0*r + 1179. Is -1 + 0 + (3 - r) composite?
True
Let j(d) = d**2 - 4*d - 8. Let m be j(6). Suppose -m*t - 78 = -502. Is t a composite number?
True
Let g(w) = -2*w - 3. Let t be g(-4). Suppose -5*z = 4*q - 8*z + 175, 169 = -4*q + t*z. Let h = q - -83. Is h prime?
True
Suppose 0 = 3*w - 186 - 81. Is w + 0/((-8)/(-4)) composite?
False
Let x(z) = z**2 + 2*z + 3. Let t = -9 + 6. Is x(t) prime?
False
Let s(p) = 14*p**2 - 4*p + 3. Let g be s(-4). Suppose 2*v - g = -3*x, -2*v + 5*v - 9 = 0. Is x a composite number?
False
Suppose 3261 = 13*s - 10*s. Is s prime?
True
Suppose -5*z - 18 + 3 = -5*j, 0 = -j + 3*z + 5. Suppose -j*n = 2*n - 88. Is (-2)/11 + 1742/n composite?
False
Let g = -430 + 608. Is g a composite number?
True
Suppose 2*a = i - 5437, -4*i + 0*a = -3*a - 21773. Is i a composite number?
True
Suppose -4*z + 521 - 57 = 0. Let w = z - 81. Is w prime?
False
Let x = 25 + -17. Suppose 0 = -5*t + w + 24, -w = -3*t + x*t - 16. Suppose -3*z = c - 10 - 27, t*z + 9 = c. Is c composite?
True
Suppose 0 = -i - 2*d + 6 + 8, 0 = 2*i - 5*d + 17. Is 315 + (i - 2)*1 a prime number?
True
Let d = 172 - -127. Is d a composite number?
True
Let c(r) = 12*r**2 + 4*r + 11. Is c(-6) composite?
False
Suppose -3*g = -448 - 473. Is g prime?
True
Suppose 2*c - 8 - 70 = 2*g, 0 = c + 3*g - 27. Let r = c - 14. Is r a composite number?
True
Suppose -u + 9 + 2 = 2*d, 5*d - 29 = -3*u. Suppose -5*w + 10 = -u*i - 10, -2*w + 5*i + 27 = 0. Let s(x) = 14*x**3 + 2*x**2 - x. Is s(w) a composite number?
True
Let z = 350 + -193. Is z prime?
True
Let q(u) be the second derivative of u**4/4 + u**3/2 + u**2 - 2*u. Let d be q(3). Suppose -a = -3*a + d. Is a composite?
False
Suppose 16 = -0*v + 4*v + 4*r, v + 4*r = 7. Is -2 - 1/(v/(-579)) composite?
False
Suppose -5*m = -3*m - 296. Let v = -59 + m. Is v a prime number?
True
Let b(w) = 3*w**3 + 8*w**2 - 8*w - 1. Is b(6) composite?
False
Let w(j) = -51*j + 4. Let s = -8 - -5. Is w(s) a prime number?
True
Suppose -3*b - 29 = -2*m, -63 = -5*m + b - 10. Suppose 0 = 5*n - m, -n = -4*r + 1874. Is r prime?
False
Suppose 5*i + 505 = 4540. Let l = 1222 - i. Suppose -375 = 3*k - 8*k + 4*r, -5*k + l = 4*r. Is k prime?
True
Let h(q) = 58*q. Let w be h(-3). Let j = 680 + -983. Let t = w - j. Is t composite?
True
Suppose 7728 = 4*o + 4*v, -4*v - 5 - 15 = 0. Is o a composite number?
True
Suppose 4*h + 2*v = 22, 0 = -5*h + 4*v - 5*v + 20. Suppose i = -h*w + 244, 3*w - 435 = -2*w + 4*i. Is w prime?
True
Suppose -6*x = -2*x - 2*o - 2, 2*x - 2*o = 0. Is 154/5 - x/(-5) a composite number?
False
Suppose -5*a + 1320 = -0*a. Suppose x + 2*t + 2*t = 78, -4*t + a = 4*x. Suppose 3*k = k + x. Is k composite?
False
Let s(d) = d - 3. Let x be s(5). Suppose 4*a + 302 = 5*c, -c - x*c + 171 = a. Is c composite?
True
Suppose b + 4 = -3*b. Let f(s) = -338*s**3 + s. Is f(b) a prime number?
True
Suppose -5*l - 8895 = -0*l + 5*g, -4*l - 7110 = 2*g. Is 2/(-10) + l/(-30) a prime number?
True
Let g(n) = -115*n + 1. Let v be g(-2). Let q(u) = u + 8. Let s be q(-6). Suppose -4*d + 109 = s*p - 9*d, 0 = 4*p + 3*d - v. Is p prime?
False
Suppose 3*u - 5*u - 14 = -3*x, 22 = 2*x + 5*u. Let f be 4/x + (-5260)/6. Let k = -619 - f. Is k a prime number?
True
Let t(m) be the first derivative of -9*m**2 + 3*m + 3. Is t(-6) prime?
False
Suppose 538 = -0*q - 3*q - 5*c, 0 = 4*q - 2*c + 674. Let h = q - -304. Is h prime?
False
Suppose -2 = -l + 1. Suppose -v = -5*x + 5, 0 = l*x + x - 3*v + 7. Suppose -x*k = -397 + 111. Is k a composite number?
True
Suppose y - 2802 = -5*y. Is y a composite number?
False
Let i(h) = 3*h**2 - 6*h - 5. Suppose 4*d - 37 = -13. Is i(d) composite?
False
Suppose -g - g = -26. Is 0 - 0 - (2 - g) a prime number?
True
Let m = 1291 + -782. Is m composite?
False
Suppose -a - 2*a + 7389 = 3*y, a + 2*y = 2467. Is a a composite number?
False
Suppose 3*s = 3*a - 3, 2*s - 33 = -0*a - 5*a. Suppose 4*f - 521 = 6*y - y, s*y = -5*f + 682. Is f prime?
False
Let x be ((-46)/6)/((-2)/54). Suppose 2*w = 5*w - x. Is w a prime number?
False
Let c = 10 - 7. Suppose -4*k = c*w - 221, k + 226 = 3*w + 6*k. Is w composite?
False
Suppose -8 = 2*r, -505 = -x + 4*r - r. Is x a prime number?
False
Let j be 1/((-6)/(-32))*-72. Let f = -257 - j. Is f a composite number?
False
Suppose 0 = 4*h + 5*u - 1170, u + 592 = -h + 3*h. Is h a prime number?
False
Let d = 363 - 220. Is d prime?
False
Suppose 0*h - 3*h + z = -12, h - z = 2. Suppose w - 228 = -0*w + h*m, 4*w - 895 = 3*m. Is w a prime number?
True
Let n be 0/(-1 + 3 - 4). Suppose n = 4*z - 0*i - 3*i - 320, -5*z = 2*i - 423. Is z prime?
True
Suppose -3*f - 4*v = -122, 0 = -5*f - 0*v - 2*v + 180. Suppose 4*q = 8*q - 4. Is -2 + q/(2/f) composite?
True
Let r(w) = -9*w**3 + 0*w - w**3 - w**2 - 1 - w. Let f be r(-1). Let p = -6 + f. Is p composite?
False
Let z(y) = -2*y + 15. Is z(-8) a composite number?
False
Let z(i) = -i - 3. Let y be z(-5). Suppose -190 + 59 = -y*w + 3*c, 0 = -2*w + 2*c + 126. Is w prime?
False
Let w = 2 + 2. Let v(n) = n**3 + 5*n**2 - 3*n - 2. Let g be v(w). Suppose -225 = -4*o - q, o + 4*q - g = -o. Is o a composite number?
True
Suppose p + 4 + 27 = 0. Is p*(-2)/(-4)*-2 a composite number?
False
Let g = 5 - 0. Suppose g*a + 1094 = 2*q, -2*a + 2236 = 2*q + 2*q. Is q composite?
False
Let a = 1 + 4. Let d = 1965 - 1100. Suppose -a*k + 90 + d = 0. Is k prime?
True
Let c(i) = -5 + 5*i + 3 + 12*i. Let g(n) = -n - 3. Let j be g(-8). Is c(j) composite?
False
Let q(l) = -22*l + 1. Let s be q(-6). Let y = 6 + s. Is y a prime number?
True
Is (-1)/3 - (-804)/9 composite?
False
Suppose 3*m = 5*u + 154, 7*m + u - 213 = 3*m. Is m a composite number?
False
Let s(i) = -i**3 - 6*i**2 - i + 1. Let g be s(-6). Let m(p) = p**3 - 8*p**2 + 5*p + 5. Let n be m(g). Let w(q) = q**3 + 